the remainder when 2468 is divided by 2468.
0
What is the remainder when 727 is divided by 14?
13
What is the remainder when 284 is divided by 34?
12
Calculate the remainder when 107 is divided by 12.
11
Calculate the remainder when 245 is divided by 7.
0
Calculate the remainder when 13122 is divided by 175.
172
What is the remainder when 732 is divided by 13?
4
Calculate the remainder when 1349 is divided by 30.
29
What is the remainder when 319 is divided by 15?
4
Calculate the remainder when 382 is divided by 11.
8
What is the remainder when 337 is divided by 10?
7
What is the remainder when 26 is divided by 5?
1
Calculate the remainder when 284 is divided by 19.
18
What is the remainder when 1300 is divided by 26?
0
What is the remainder when 398 is divided by 99?
2
What is the remainder when 5750 is divided by 24?
14
What is the remainder when 1060 is divided by 351?
7
Calculate the remainder when 1348 is divided by 27.
25
What is the remainder when 1156 is divided by 229?
11
Calculate the remainder when 81 is divided by 21.
18
Calculate the remainder when 662 is divided by 8.
6
What is the remainder when 93 is divided by 52?
41
Calculate the remainder when 3689 is divided by 82.
81
What is the remainder when 671 is divided by 84?
83
Calculate the remainder when 355 is divided by 121.
113
What is the remainder when 51 is divided by 42?
9
What is the remainder when 109 is divided by 7?
4
Calculate the remainder when 3733 is divided by 8.
5
Calculate the remainder when 567 is divided by 25.
17
Calculate the remainder when 2878 is divided by 111.
103
What is the remainder when 96 is divided by 32?
0
Calculate the remainder when 164 is divided by 57.
50
Calculate the remainder when 108 is divided by 70.
38
Calculate the remainder when 196 is divided by 60.
16
What is the remainder when 102 is divided by 15?
12
What is the remainder when 874 is divided by 125?
124
Calculate the remainder when 3671 is divided by 22.
19
Calculate the remainder when 1683 is divided by 98.
17
What is the remainder when 3582 is divided by 22?
18
Calculate the remainder when 2861 is divided by 69.
32
Calculate the remainder when 131 is divided by 103.
28
Calculate the remainder when 298 is divided by 45.
28
What is the remainder when 1597 is divided by 80?
77
Calculate the remainder when 100 is divided by 26.
22
Calculate the remainder when 146 is divided by 45.
11
Calculate the remainder when 546 is divided by 165.
51
Calculate the remainder when 97 is divided by 73.
24
Calculate the remainder when 176 is divided by 44.
0
Calculate the remainder when 4859 is divided by 1616.
11
Calculate the remainder when 461 is divided by 217.
27
Calculate the remainder when 262 is divided by 28.
10
What is the remainder when 231 is divided by 58?
57
Calculate the remainder when 204 is divided by 44.
28
What is the remainder when 210 is divided by 49?
14
Calculate the remainder when 292 is divided by 75.
67
What is the remainder when 260 is divided by 128?
4
Calculate the remainder when 1810 is divided by 49.
46
What is the remainder when 913 is divided by 226?
9
Calculate the remainder when 72 is divided by 59.
13
Calculate the remainder when 65 is divided by 33.
32
What is the remainder when 126 is divided by 13?
9
Calculate the remainder when 4835 is divided by 173.
164
What is the remainder when 639 is divided by 10?
9
Calculate the remainder when 1652 is divided by 43.
18
What is the remainder when 1914 is divided by 222?
138
What is the remainder when 223 is divided by 71?
10
Calculate the remainder when 519 is divided by 117.
51
What is the remainder when 2128 is divided by 73?
11
Calculate the remainder when 254 is divided by 82.
8
Calculate the remainder when 4898 is divided by 2438.
22
What is the remainder when 818 is divided by 26?
12
Calculate the remainder when 248 is divided by 42.
38
Calculate the remainder when 3524 is divided by 252.
248
What is the remainder when 700 is divided by 26?
24
What is the remainder when 1101 is divided by 67?
29
Calculate the remainder when 86 is divided by 8.
6
What is the remainder when 882 is divided by 73?
6
What is the remainder when 184 is divided by 65?
54
Calculate the remainder when 22 is divided by 13.
9
Calculate the remainder when 2980 is divided by 21.
19
What is the remainder when 938 is divided by 135?
128
What is the remainder when 129 is divided by 10?
9
Calculate the remainder when 66 is divided by 23.
20
Calculate the remainder when 336 is divided by 31.
26
What is the remainder when 276 is divided by 263?
13
Calculate the remainder when 99 is divided by 5.
4
What is the remainder when 669 is divided by 361?
308
What is the remainder when 3252 is divided by 81?
12
What is the remainder when 232 is divided by 51?
28
Calculate the remainder when 209 is divided by 40.
9
What is the remainder when 15909 is divided by 18?
15
What is the remainder when 81 is divided by 12?
9
Calculate the remainder when 755 is divided by 21.
20
Calculate the remainder when 59 is divided by 12.
11
Calculate the remainder when 1615 is divided by 532.
19
Calculate the remainder when 1033 is divided by 20.
13
Calculate the remainder when 143 is divided by 50.
43
What is the remainder when 23 is divided by 16?
7
Calculate the remainder when 182 is divided by 101.
81
Calculate the remainder when 65 is divided by 11.
10
What is the remainder when 425 is divided by 38?
7
What is the remainder when 626 is divided by 32?
18
What is the remainder when 11856 is divided by 154?
152
Calculate the remainder when 461 is divided by 172.
117
What is the remainder when 182 is divided by 47?
41
Calculate the remainder when 17230 is divided by 16.
14
Calculate the remainder when 80 is divided by 74.
6
Calculate the remainder when 935 is divided by 240.
215
Calculate the remainder when 4058 is divided by 131.
128
What is the remainder when 711 is divided by 429?
282
What is the remainder when 1104 is divided by 186?
174
Calculate the remainder when 500 is divided by 239.
22
Calculate the remainder when 80 is divided by 12.
8
Calculate the remainder when 1141 is divided by 321.
178
Calculate the remainder when 741 is divided by 44.
37
Calculate the remainder when 176 is divided by 55.
11
Calculate the remainder when 479 is divided by 80.
79
Calculate the remainder when 4394 is divided by 50.
44
What is the remainder when 9182 is divided by 3057?
11
Calculate the remainder when 2857 is divided by 114.
7
Calculate the remainder when 181 is divided by 50.
31
What is the remainder when 204 is divided by 19?
14
Calculate the remainder when 885 is divided by 192.
117
Calculate the remainder when 1797 is divided by 201.
189
Calculate the remainder when 3311 is divided by 8.
7
Calculate the remainder when 430 is divided by 151.
128
What is the remainder when 731 is divided by 36?
11
Calculate the remainder when 2738 is divided by 10.
8
What is the remainder when 127 is divided by 34?
25
Calculate the remainder when 971 is divided by 12.
11
Calculate the remainder when 107 is divided by 8.
3
Calculate the remainder when 282 is divided by 57.
54
Calculate the remainder when 755 is divided by 59.
47
What is the remainder when 1226 is divided by 26?
4
Calculate the remainder when 169 is divided by 59.
51
What is the remainder when 1360 is divided by 47?
44
Calculate the remainder when 94 is divided by 14.
10
Calculate the remainder when 1176 is divided by 10.
6
Calculate the remainder when 131 is divided by 43.
2
Calculate the remainder when 2890 is divided by 263.
260
Calculate the remainder when 820 is divided by 407.
6
Calculate the remainder when 410 is divided by 47.
34
Calculate the remainder when 53 is divided by 8.
5
What is the remainder when 527 is divided by 23?
21
Calculate the remainder when 254 is divided by 28.
2
What is the remainder when 422 is divided by 75?
47
Calculate the remainder when 44 is divided by 17.
10
Calculate the remainder when 10 is divided by 4.
2
Calculate the remainder when 908 is divided by 8.
4
What is the remainder when 3846 is divided by 14?
10
Calculate the remainder when 1545 is divided by 157.
132
What is the remainder when 70 is divided by 8?
6
Calculate the remainder when 154 is divided by 15.
4
Calculate the remainder whe